{"id":7,"date":"2012-01-04T12:19:22","date_gmt":"2012-01-04T11:19:22","guid":{"rendered":"http:\/\/dhd-blog.mpiwg-berlin.mpg.de\/?page_id=7"},"modified":"2020-06-17T18:07:16","modified_gmt":"2020-06-17T16:07:16","slug":"ueber","status":"publish","type":"page","link":"https:\/\/dhd-blog.org\/?page_id=7","title":{"rendered":"\u00dcber uns"},"content":{"rendered":"<p>Das DHd-Blog \u2013 Digital Humanities im deutschsprachigen Raum \u2013 gr\u00fcndet auf einer Initiative der beiden Forschungsverb\u00fcnde <a title=\"Link zu TextGrid\" href=\"http:\/\/www.textgrid.de\">TextGrid<\/a> und <a title=\"Link zu DARIAH-DE\" href=\"http:\/\/de.dariah.eu\">DARIAH-DE<\/a>\u00a0(Koordination: Staats- und Universit\u00e4tsbibliothek G\u00f6ttingen) sowie des <a title=\"Link zum MPIWG\" href=\"https:\/\/www.mpiwg-berlin.mpg.de\/\">Max-Planck-Instituts f\u00fcr Wissenschaftsgeschichte<\/a>. In Projekten und Netzwerken sowie durch internetbasierte Virtuelle Forschungsumgebungen unterst\u00fctzen alle drei Partner geistes- und kulturwissenschaftliche Forschungsprozesse mithilfe moderner Informationstechnologie.<\/p>\n<p>Mit dem Ziel, die Forschungslandschaft in den Digital Humanities in Deutschland, \u00d6sterreich und der Schweiz m\u00f6glichst umfassend abzubilden, konnten f\u00fcr das Blog dar\u00fcber hinaus auch Beitr\u00e4ger\/innen anderer Institutionen gewonnen werden, die aus je unterschiedlichen fachlichen Zusammenh\u00e4ngen und Perspektiven aktuelle Themen aufsp\u00fcren, Projekte und Forschungsfragen portraitieren, Tools und Dienste vorstellen und anhand vielf\u00e4ltiger Fragestellungen zur Diskussion aufrufen. Ziel des Blogs ist dabei nicht nur, \u00fcber aktuelle Entwicklungen in den Digital Humanities zu informieren, sondern auch, den Meinungsaustausch und die Beurteilung m\u00f6glicher Trends und Perspektiven anzuregen.<\/p>\n<p>W\u00e4hrend im angels\u00e4chsischen und US-amerikanischen Sprachraum Inhalte und Fragestellungen der Digital Humanities bereits in zahlreichen Blogs, Foren und Mailinglisten ihren etablierten Ort haben, liegen f\u00fcr den deutschsprachigen Raum bislang lediglich dezentrale Plattformen vor. Der Segmentierung will das DHd-Blog entgegenwirken, indem er eine fachlich, thematisch und institutionell m\u00f6glichst gro\u00dfe Bandbreite abbildet und den zentralen Themen und Entwicklungen der Digital Humanities in den drei deutschsprachigen L\u00e4ndern ein \u00fcbergreifendes Forum bietet.<\/p>\n<p>Das Hosting des DHd-Blogs hat seit Juni 2020 die <a href=\"http:\/\/www.adwmainz.de\" target=\"_blank\" rel=\"noopener noreferrer\">Akademie der Wissenschaften und der Literatur | Mainz<\/a> \u00fcbernommen.<\/p>\n<p>Die Beitr\u00e4ge aller Autoren unterliegen &#8211; sofern nicht anders angegeben &#8211; der Lizenz CC-BY-SA.<\/p>\n","protected":false},"excerpt":{"rendered":"<p>Das DHd-Blog \u2013 Digital Humanities im deutschsprachigen Raum \u2013 gr\u00fcndet auf einer Initiative der beiden Forschungsverb\u00fcnde TextGrid und DARIAH-DE\u00a0(Koordination: Staats- und Universit\u00e4tsbibliothek G\u00f6ttingen) sowie des Max-Planck-Instituts f\u00fcr Wissenschaftsgeschichte. In Projekten und Netzwerken sowie durch internetbasierte Virtuelle Forschungsumgebungen unterst\u00fctzen alle drei Partner geistes- und kulturwissenschaftliche Forschungsprozesse mithilfe moderner Informationstechnologie. Mit dem Ziel, die Forschungslandschaft in den [&hellip;]<\/p>\n","protected":false},"author":4,"featured_media":0,"parent":0,"menu_order":1,"comment_status":"closed","ping_status":"closed","template":"","meta":{"footnotes":""},"class_list":["post-7","page","type-page","status-publish","hentry"],"_links":{"self":[{"href":"https:\/\/dhd-blog.org\/index.php?rest_route=\/wp\/v2\/pages\/7","targetHints":{"allow":["GET"]}}],"collection":[{"href":"https:\/\/dhd-blog.org\/index.php?rest_route=\/wp\/v2\/pages"}],"about":[{"href":"https:\/\/dhd-blog.org\/index.php?rest_route=\/wp\/v2\/types\/page"}],"author":[{"embeddable":true,"href":"https:\/\/dhd-blog.org\/index.php?rest_route=\/wp\/v2\/users\/4"}],"replies":[{"embeddable":true,"href":"https:\/\/dhd-blog.org\/index.php?rest_route=%2Fwp%2Fv2%2Fcomments&post=7"}],"version-history":[{"count":12,"href":"https:\/\/dhd-blog.org\/index.php?rest_route=\/wp\/v2\/pages\/7\/revisions"}],"predecessor-version":[{"id":13903,"href":"https:\/\/dhd-blog.org\/index.php?rest_route=\/wp\/v2\/pages\/7\/revisions\/13903"}],"wp:attachment":[{"href":"https:\/\/dhd-blog.org\/index.php?rest_route=%2Fwp%2Fv2%2Fmedia&parent=7"}],"curies":[{"name":"wp","href":"https:\/\/api.w.org\/{rel}","templated":true}]}}